e 427?
False
Is 9 a factor of 216?
True
Is 3207 a multiple of 17?
False
Does 110 divide 30470?
True
Does 28 divide 7560?
True
Does 91 divide 517?
False
Is 19940 a multiple of 10?
True
Is 175 even?
False
Is 756 a multiple of 14?
True
Is 2532 a multiple of 44?
False
Is 10 a factor of 11706?
False
Does 40 divide 615?
False
Does 94 divide 3854?
True
Is 8584 a multiple of 9?
False
Does 44 divide 1312?
False
Does 61 divide 9392?
False
Is 9 a factor of 13020?
False
Is 29 a factor of 11909?
False
Does 13 divide 15924?
False
Is 11 a factor of 9086?
True
Does 3 divide 269?
False
Is 10 a factor of 270?
True
Does 8 divide 1149?
False
Does 2 divide 226?
True
Is 5 a factor of 563?
False
Does 45 divide 6635?
False
Is 14 a factor of 4161?
False
Is 16 a factor of 11120?
True
Is 18 a factor of 742?
False
Does 4 divide 368?
True
Is 71512 a multiple of 8?
True
Is 16 a factor of 16688?
True
Is 150 a factor of 16766?
False
Does 7 divide 3759?
True
Does 21 divide 10042?
False
Is 1444 a multiple of 38?
True
Does 10 divide 1936?
False
Does 192 divide 11222?
False
Is 21 a factor of 48993?
True
Is 33264 a multiple of 54?
True
Does 92 divide 13987?
False
Is 207 a factor of 6576?
False
Is 52 a factor of 5668?
True
Does 71 divide 1120?
False
Is 30 a factor of 2077?
False
Is 10263 a multiple of 11?
True
Is 12 a factor of 2688?
True
Does 18 divide 28188?
True
Does 28 divide 952?
True
Is 2100 a multiple of 37?
False
Is 16 a factor of 1740?
False
Does 13 divide 1053?
True
Does 9 divide 634?
False
Is 23168 a multiple of 32?
True
Is 56835 a multiple of 15?
True
Does 5 divide 860?
True
Is 19 a factor of 1368?
True
Is 28 a factor of 82964?
True
Is 182 a multiple of 7?
True
Does 52 divide 832?
True
Does 34 divide 1006?
False
Is 3302 a multiple of 2?
True
Is 4922 a multiple of 104?
False
Does 57 divide 176?
False
Is 59 a factor of 177?
True
Is 44400 a multiple of 16?
True
Does 10 divide 92?
False
Is 1197 a multiple of 17?
False
Does 46 divide 1656?
True
Is 4340 a multiple of 14?
True
Is 69 a factor of 13602?
False
Is 51 a factor of 1632?
True
Is 7 a factor of 1544?
False
Is 5 a factor of 155?
True
Does 22 divide 772?
False
Does 79 divide 32232?
True
Is 122 a factor of 4795?
False
Is 20 a factor of 445?
False
Is 18 a factor of 126?
True
Is 3 a factor of 516?
True
Does 26 divide 3504?
False
Does 21 divide 4788?
True
Is 105 a factor of 1193?
False
Is 891 a multiple of 27?
True
Is 5 a factor of 8000?
True
Is 4298 a multiple of 7?
True
Is 6 a factor of 42?
True
Does 25 divide 325?
True
Is 4540 a multiple of 19?
False
Is 46 a factor of 95816?
False
Does 42 divide 66948?
True
Is 3 a factor of 155?
False
Is 681 a multiple of 7?
False
Does 20 divide 1280?
True
Does 27 divide 459?
True
Is 4816 a multiple of 86?
True
Is 14847 a multiple of 7?
True
Is 616 a multiple of 28?
True
Is 19 a factor of 798?
True
Is 530 a multiple of 15?
False
Is 15456 a multiple of 16?
True
Is 1020 a multiple of 60?
True
Does 36 divide 4356?
True
Is 900 a multiple of 75?
True
Is 82 a factor of 24201?
False
Does 81 divide 449?
False
Does 255 divide 31875?
True
Is 62 a factor of 43328?
False
Is 13 a factor of 5363?
False
Does 3 divide 2268?
True
Is 1419 a multiple of 33?
True
Is 10871 a multiple of 7?
True
Is 37008 a multiple of 20?
False
Is 1800 a multiple of 100?
True
Does 97 divide 6722?
False
Does 66 divide 5741?
False
Is 510 a multiple of 85?
True
Is 3 a factor of 2824?
False
Does 34 divide 3196?
True
Does 18 divide 104594?
False
Is 12244 a multiple of 14?
False
Is 1932 a multiple of 84?
True
Does 26 divide 6637?
False
Is 8 a factor of 443?
False
Does 9 divide 2527?
False
Does 28 divide 8112?
False
Is 75 a factor of 2100?
True
Is 38 a factor of 2052?
True
Is 89 a factor of 26077?
True
Does 43 divide 1645?
False
Is 228 a factor of 30810?
False
Does 5 divide 6803?
False
Does 30 divide 9240?
True
Is 5171 a multiple of 8?
False
Does 55 divide 1672?
False
Is 156 a multiple of 12?
True
Is 38304 a multiple of 57?
True
Is 23 a factor of 16919?
False
Is 21 a factor of 5292?
True
Does 48 divide 2112?
True
Is 196 a factor of 62132?
True
Is 33 a factor of 832?
False
Is 12 a factor of 113?
False
Does 12 divide 14243?
False
Is 6659 a multiple of 67?
False
Does 4 divide 1151?
False
Is 61 a factor of 1275?
False
Is 50 a factor of 1200?
True
Does 65 divide 2457?
False
Does 11 divide 5555?
True
Is 159 a multiple of 3?
True
Is 512 a multiple of 11?
False
Does 39 divide 2007?
False
Is 13 a factor of 2470?
True
Is 10 a factor of 959?
False
Does 28 divide 28?
True
Is 34 a factor of 1111?
False
Does 30 divide 10539?
False
Does 9 divide 522?
True
Does 29 divide 367?
False
Does 77 divide 1256?
False
Is 10 a factor of 25114?
False
Is 480 a multiple of 80?
True
Does 42 divide 44520?
True
Is 432 a multiple of 4?
True
Is 263 a multiple of 4?
False
Is 15 a factor of 1503?
False
Does 5 divide 14520?
True
Is 143 even?
False
Is 1859 a multiple of 101?
False
Is 30 a factor of 26267?
False
Is 9 a factor of 380?
False
Does 19 divide 7104?
False
Is 2010 a multiple of 123?
False
Is 8 a factor of 120?
True
Is 100 a multiple of 2?
True
Is 32 a factor of 3090?
False
Is 156 a multiple of 12?
True
Does 94 divide 5828?
True
Is 9 a factor of 4995?
True
Does 17 divide 12755?
False
Is 2605 a multiple of 92?
False
Is 1949 a multiple of 30?
False
Does 143 divide 7722?
True
Is 48 a factor of 3145?
False
Does 29 divide 1508?
True
Does 76 divide 59505?
False
Is 12 a factor of 1536?
True
Does 61 divide 17568?
True
Is 5334 a multiple of 42?
True
Is 688 a multiple of 17?
False
Is 41 a factor of 2174?
False
Does 20 divide 3162?
False
Does 40 divide 41886?
False
Does 13 divide 29757?
True
Does 42 divide 891?
False
Does 24 divide 4473?
False
Is 30 a factor of 13083?
False
Is 51 a factor of 9894?
True
Does 20 divide 575?
False
Does 50 divide 100?
True
Is 800 a multiple of 8?
True
Is 12 a factor of 1704?
True
Does 10 divide 24280?
True
Does 28 divide 774?
False
Does 3 divide 156?
True
Does 14 divide 761?
False
Does 21 divide 9090?
False
Is 19 a factor of 80864?
True
Is 136 a factor of 13654?
False
Is 26 a factor of 17108?
True
Does 9 divide 450?
True
Is 101 even?
False
Does 20 divide 140?
True
Is 19 a factor of 23806?
False
Is 36935 a multiple of 35?
False
Is 15 a factor of 3480?
True
Does 4 divide 292?
True
Is 44 a factor of 1526?
False
Is 1724 a multiple of 55?
False
Is 3 a factor of 4603?
False
Does 30 divide 1050?
True
Is 21699 a multiple of 349?
False
Is 25 a factor of 23377?
False
Does 16 divide 2328?
False
Is 448 a factor of 150726?
False
Is 5500 a multiple of 55?
True
Is 17436 a multiple of 128?
False
Is 60 a factor of 8615?
False
Does 8 divide 752?
True
Is 8558 a multiple of 164?
False
Is 10 a factor of 179?
False
Is 6335 a multiple of 5?
True
Does 16 divide 66460?
False
Is 18424 a multiple of 188?
True
Is 5 a factor of 1526?
False
Is 3 a factor of 2601?
True
Is 624 a multiple of 12?
True
Does 9 divide 14896?
False
Is 30448 a multiple of 119?
False
Is 26 a factor of 5055?
False
Does 144 divide 329?
False
Is 240 a multiple of 15?
True
Is 22 a factor of 22858?
True
Does 52 divide 988?
True
Is 5736 a multiple of 8?
True
Is 79270 a multiple of 24?
False
Is 11140 a multiple of 252?
False
Is 4 a factor of 2084?
True
Is 21 a multiple of 2?
False
Is 193 a factor of 7527?
True
Is 8171 a multiple of 64?
False
Is 74 a multiple of 5?
False
Is 7 a factor of 188?
False
Is 1080 a multiple of 18?
True
Does 25 divide 10300?
True
Does 15 divide 873?
False
Is 17360 a multiple of 7?
True
Does 6 divide 5772?
True
Does 19 divide 18810?
True
Is 9 a factor of 1350?
True
Is 980 a multiple of 7?
True
Is 39 a factor of 8056?
False
Does 251 divide 14048?
False
Is 400 a multiple of 20?
True
Is 2574 a multiple of 13?
True
Is 840 a multiple of 30?
True
Does 146 divide 16479?
False
Is 2624 a multiple of 16?
True
Does 18 divide 7524?
True
Does 7 divide 2191?
True
Is 3934 a multiple of 14?
True
Is 350 even?
True
Is 1536 a multiple of 12?
True
Is 11 a factor of 165?
True
Is 624 a multiple of 24?
True
Does 17 divide 32487?
True
Is 117 a factor of 72093?
False
Is 81 a factor of 2025?
True
Does 6 divide 3762?
True
Does 46 divide 758?
False
Is 49 a factor of 6521?
False
Is 2 a factor of 9863?
False
Is 39220 a multiple of 106?
True
Is 12441 a multiple of 39?
True
Is 84 a factor of 56119?
False
Is 28